ndreds digit of 19775?
7
What is the tens digit of 678?
7
What is the thousands digit of 1116?
1
What is the tens digit of 79?
7
What is the hundreds digit of 4280?
2
What is the tens digit of 12501?
0
What is the units digit of 784?
4
What is the thousands digit of 1821?
1
What is the thousands digit of 143672?
3
What is the tens digit of 8846?
4
What is the hundreds digit of 1523?
5
What is the units digit of 465?
5
What is the units digit of 1349?
9
What is the hundreds digit of 828?
8
What is the hundreds digit of 4049?
0
What is the units digit of 7715?
5
What is the thousands digit of 3118?
3
What is the ten thousands digit of 60959?
6
What is the ten thousands digit of 17720?
1
What is the thousands digit of 6891?
6
What is the hundreds digit of 3721?
7
What is the hundreds digit of 2375?
3
What is the units digit of 2647?
7
What is the hundreds digit of 5292?
2
What is the tens digit of 26452?
5
What is the units digit of 33915?
5
What is the hundreds digit of 1272?
2
What is the units digit of 9019?
9
What is the units digit of 35?
5
What is the thousands digit of 54637?
4
What is the hundreds digit of 12140?
1
What is the units digit of 14?
4
What is the thousands digit of 54469?
4
What is the thousands digit of 1122?
1
What is the hundreds digit of 443?
4
What is the hundreds digit of 7194?
1
What is the hundreds digit of 1884?
8
What is the units digit of 1364?
4
What is the hundreds digit of 510?
5
What is the thousands digit of 26660?
6
What is the hundreds digit of 1484?
4
What is the ten thousands digit of 12905?
1
What is the tens digit of 2905?
0
What is the thousands digit of 1197?
1
What is the thousands digit of 11611?
1
What is the units digit of 51259?
9
What is the tens digit of 16758?
5
What is the tens digit of 80887?
8
What is the units digit of 22924?
4
What is the units digit of 15635?
5
What is the units digit of 1309?
9
What is the thousands digit of 1652?
1
What is the units digit of 1695?
5
What is the units digit of 19748?
8
What is the units digit of 953?
3
What is the thousands digit of 3296?
3
What is the units digit of 64594?
4
What is the hundreds digit of 2122?
1
What is the thousands digit of 164899?
4
What is the tens digit of 1350?
5
What is the hundreds digit of 2184?
1
What is the thousands digit of 10336?
0
What is the hundreds digit of 630?
6
What is the units digit of 13184?
4
What is the thousands digit of 3363?
3
What is the hundreds digit of 46120?
1
What is the tens digit of 4012?
1
What is the ten thousands digit of 112150?
1
What is the hundred thousands digit of 180282?
1
What is the hundreds digit of 2718?
7
What is the units digit of 966?
6
What is the thousands digit of 3034?
3
What is the hundreds digit of 1191?
1
What is the thousands digit of 12974?
2
What is the hundreds digit of 614?
6
What is the units digit of 14801?
1
What is the hundreds digit of 32329?
3
What is the hundreds digit of 2962?
9
What is the units digit of 1935?
5
What is the tens digit of 116811?
1
What is the thousands digit of 53227?
3
What is the ten thousands digit of 81134?
8
What is the hundreds digit of 1750?
7
What is the units digit of 393?
3
What is the tens digit of 2417?
1
What is the ten thousands digit of 14568?
1
What is the tens digit of 34089?
8
What is the hundreds digit of 633?
6
What is the units digit of 92511?
1
What is the thousands digit of 1762?
1
What is the units digit of 3249?
9
What is the tens digit of 196?
9
What is the thousands digit of 1248?
1
What is the tens digit of 1538?
3
What is the hundreds digit of 37653?
6
What is the thousands digit of 9029?
9
What is the units digit of 22178?
8
What is the thousands digit of 2978?
2
What is the ten thousands digit of 55428?
5
What is the hundreds digit of 2242?
2
What is the tens digit of 223?
2
What is the units digit of 11746?
6
What is the units digit of 173?
3
What is the tens digit of 171969?
6
What is the units digit of 392?
2
What is the units digit of 348?
8
What is the ten thousands digit of 20246?
2
What is the units digit of 145?
5
What is the tens digit of 561?
6
What is the tens digit of 3621?
2
What is the ten thousands digit of 18533?
1
What is the units digit of 6904?
4
What is the thousands digit of 25573?
5
What is the units digit of 2316?
6
What is the units digit of 6025?
5
What is the units digit of 397?
7
What is the tens digit of 2536?
3
What is the thousands digit of 13380?
3
What is the thousands digit of 5989?
5
What is the tens digit of 709?
0
What is the thousands digit of 126995?
6
What is the thousands digit of 6511?
6
What is the ten thousands digit of 42558?
4
What is the tens digit of 16065?
6
What is the units digit of 31372?
2
What is the units digit of 60?
0
What is the tens digit of 18811?
1
What is the thousands digit of 2107?
2
What is the thousands digit of 33965?
3
What is the hundreds digit of 24768?
7
What is the tens digit of 159?
5
What is the hundreds digit of 65274?
2
What is the tens digit of 833?
3
What is the thousands digit of 33669?
3
What is the thousands digit of 2654?
2
What is the units digit of 4013?
3
What is the hundreds digit of 1930?
9
What is the tens digit of 8507?
0
What is the thousands digit of 36462?
6
What is the units digit of 234?
4
What is the hundreds digit of 55530?
5
What is the units digit of 1029?
9
What is the hundreds digit of 6401?
4
What is the units digit of 980?
0
What is the tens digit of 599?
9
What is the tens digit of 2688?
8
What is the thousands digit of 3645?
3
What is the tens digit of 122968?
6
What is the hundreds digit of 4555?
5
What is the tens digit of 96?
9
What is the hundreds digit of 1678?
6
What is the units digit of 6209?
9
What is the thousands digit of 44318?
4
What is the thousands digit of 1612?
1
What is the units digit of 863?
3
What is the thousands digit of 2230?
2
What is the hundreds digit of 1642?
6
What is the units digit of 3285?
5
What is the hundreds digit of 46533?
5
What is the tens digit of 1721?
2
What is the thousands digit of 52801?
2
What is the units digit of 20787?
7
What is the hundreds digit of 1891?
8
What is the tens digit of 21332?
3
What is the ten thousands digit of 23189?
2
What is the tens digit of 16031?
3
What is the units digit of 1268?
8
What is the units digit of 6172?
2
What is the hundreds digit of 881?
8
What is the hundreds digit of 7911?
9
What is the ten thousands digit of 73828?
7
What is the units digit of 607?
7
What is the hundreds digit of 3590?
5
What is the units digit of 52647?
7
What is the units digit of 1171?
1
What is the tens digit of 13028?
2
What is the tens digit of 1786?
8
What is the hundreds digit of 16988?
9
What is the units digit of 1351?
1
What is the units digit of 19404?
4
What is the tens digit of 293?
9
What is the thousands digit of 42705?
2
What is the units digit of 8073?
3
What is the units digit of 779?
9
What is the units digit of 605?
5
What is the tens digit of 1481?
8
What is the ten thousands digit of 46156?
4
What is the units digit of 7592?
2
What is the ten thousands digit of 55730?
5
What is the units digit of 224?
4
What is the hundreds digit of 16232?
2
What is the units digit of 71?
1
What is the units digit of 7599?
9
What is the tens digit of 1387?
8
What is the thousands digit of 7555?
7
What is the tens digit of 1769?
6
What is the hundreds digit of 1999?
9
What is the thousands digit of 6264?
6
What is the hundreds digit of 78117?
1
What is the thousands digit of 40340?
0
What is the hundreds digit of 13718?
7
What is the thousands digit of 3575?
3
What is the tens digit of 108?
0
What is the thousands digit of 1481?
1
What is the units digit of 19744?
4
What is the hundreds digit of 23910?
9
What is the thousands digit of 188666?
8
What is the hundreds digit of 2147?
1
What is the hundreds digit of 1459?
4
What is the hundreds digit of 68430?
4
What is the tens digit of 7864?
6
What is the thousands digit of 21989?
1
What is the units digit of 371?
1
What is the thousands digit of 3058?
3
What is the tens digit of 2560?
6
What is the tens digit of 5304?
0
What is the units digit of 304?
4
What is the tens digit of 5657?
5
What is the units digit of 1048?
8
What is the ten thousands digit of 14281?
1
What is the thousands digit of 3415?
3
W